{"id":617,"date":"2015-05-27T09:59:01","date_gmt":"2015-05-27T08:59:01","guid":{"rendered":"http:\/\/comclimacom-hodu.savviihq.com\/?page_id=617"},"modified":"2015-06-10T15:15:09","modified_gmt":"2015-06-10T14:15:09","slug":"617-2","status":"publish","type":"page","link":"https:\/\/www.clima-comfort.com\/de\/uber-climacomfort\/617-2\/","title":{"rendered":"Corporate Social Responsibility"},"content":{"rendered":"<p><span lang=\"DE\">Bei der Matratzenherstellung verwendet unser Produzent Maxtras nach M\u00f6glichkeit Materialien, die auf verantwortungsvolle Weise gewonnen worden sind. Wann immer m\u00f6glich, verwenden wir Material, das vor Ort gewonnen oder produziert worden ist. Maxtras produziert ClimaComfort-Matratzen nach bestem Wissen und Gewissen und legt gro\u00dfen Wert auf die Nachhaltigkeit der Matratzen.<\/span><\/p>\n<h2><span lang=\"DE\">Nachhaltige Matratzen<\/span><\/h2>\n<p><span lang=\"DE\">Die Fabrik in Wijchen besch\u00e4ftigt ausschlie\u00dflich Mitarbeiter aus der Region. So vermeiden wir viele Transportkilometer. Wir nehmen unsere gesellschaftliche Verantwortung ernst und tragen damit zu einem besseren (Lebens-)Klima bei. <a href=\"https:\/\/clima-comfort.com\/de\/produkten\/matratzen\/\" target=\"_blank\">ClimaComfort-Matratzen<\/a> f\u00f6rdern auf diese Weise nicht nur Ihre Nachtruhe, sondern sch\u00fctzen auch das Klima und die Umwelt.<\/span><\/p>\n<h2><span lang=\"DE\">Regionale Matratzenspezialisten<\/span><\/h2>\n<p><span lang=\"DE\">Das Unternehmen ClimaComfort verst\u00e4rkt die Bindung an seine (und Ihre) Region, indem es ausschlie\u00dflich mit speziell ausgew\u00e4hlten, regionalen <a href=\"https:\/\/clima-comfort.com\/verkoopadressen\/\" target=\"_blank\">Matratzenspezialisten<\/a> zusammenarbeitet. Dar\u00fcber hinaus unterst\u00fctzt ClimaComfort regionale Verb\u00e4nde und Initiativen. Ihre Nachtruhe verdient eine ClimaComfort-Matratze, vor allem nach einer Runde Fu\u00dfball oder einer anstrengenden Versammlung. <\/span><\/p>\n","protected":false},"excerpt":{"rendered":"<p>Bei der Matratzenherstellung verwendet unser Produzent Maxtras nach M\u00f6glichkeit Materialien, die auf verantwortungsvolle Weise gewonnen worden sind. Wann immer m\u00f6glich, verwenden wir Material, das vor Ort gewonnen oder produziert worden ist. Maxtras produziert ClimaComfort-Matratzen nach bestem Wissen und Gewissen und legt gro\u00dfen Wert auf die Nachhaltigkeit der Matratzen. Nachhaltige Matratzen Die Fabrik in Wijchen besch\u00e4ftigt [&hellip;]<\/p>\n","protected":false},"author":5,"featured_media":184,"parent":604,"menu_order":0,"comment_status":"open","ping_status":"open","template":"","meta":{"_acf_changed":false,"footnotes":""},"class_list":["post-617","page","type-page","status-publish","has-post-thumbnail","hentry"],"acf":[],"yoast_head":"<!-- This site is optimized with the Yoast SEO plugin v24.4 - https:\/\/yoast.com\/wordpress\/plugins\/seo\/ -->\n<title>Corporate Social Responsibility - ClimaComfort<\/title>\n<meta name=\"description\" content=\"Ultiem slaapcomfort is met ClimaComfort binnen handbereik. Optimale slaaptemperatuur, optimale nachtrust. Bestel nu uw ClimaComfort matras, boxspring, of topper.\" \/>\n<meta name=\"robots\" content=\"index, follow, max-snippet:-1, max-image-preview:large, max-video-preview:-1\" \/>\n<link rel=\"canonical\" href=\"https:\/\/www.clima-comfort.com\/de\/uber-climacomfort\/617-2\/\" \/>\n<meta property=\"og:locale\" content=\"de_DE\" \/>\n<meta property=\"og:type\" content=\"article\" \/>\n<meta property=\"og:title\" content=\"Corporate Social Responsibility - ClimaComfort\" \/>\n<meta property=\"og:description\" content=\"Ultiem slaapcomfort is met ClimaComfort binnen handbereik. Optimale slaaptemperatuur, optimale nachtrust. Bestel nu uw ClimaComfort matras, boxspring, of topper.\" \/>\n<meta property=\"og:url\" content=\"https:\/\/www.clima-comfort.com\/de\/uber-climacomfort\/617-2\/\" \/>\n<meta property=\"og:site_name\" content=\"ClimaComfort\" \/>\n<meta property=\"article:modified_time\" content=\"2015-06-10T14:15:09+00:00\" \/>\n<meta property=\"og:image\" content=\"https:\/\/www.clima-comfort.com\/wp-content\/uploads\/2014\/12\/slide-mvo.jpg\" \/>\n\t<meta property=\"og:image:width\" content=\"1300\" \/>\n\t<meta property=\"og:image:height\" content=\"352\" \/>\n\t<meta property=\"og:image:type\" content=\"image\/jpeg\" \/>\n<meta name=\"twitter:label1\" content=\"Gesch\u00e4tzte Lesezeit\" \/>\n\t<meta name=\"twitter:data1\" content=\"1\u00a0Minute\" \/>\n<script type=\"application\/ld+json\" class=\"yoast-schema-graph\">{\"@context\":\"https:\/\/schema.org\",\"@graph\":[{\"@type\":\"WebPage\",\"@id\":\"https:\/\/www.clima-comfort.com\/de\/uber-climacomfort\/617-2\/\",\"url\":\"https:\/\/www.clima-comfort.com\/de\/uber-climacomfort\/617-2\/\",\"name\":\"Corporate Social Responsibility - ClimaComfort\",\"isPartOf\":{\"@id\":\"https:\/\/www.clima-comfort.com\/#website\"},\"primaryImageOfPage\":{\"@id\":\"https:\/\/www.clima-comfort.com\/de\/uber-climacomfort\/617-2\/#primaryimage\"},\"image\":{\"@id\":\"https:\/\/www.clima-comfort.com\/de\/uber-climacomfort\/617-2\/#primaryimage\"},\"thumbnailUrl\":\"https:\/\/www.clima-comfort.com\/wp-content\/uploads\/2014\/12\/slide-mvo.jpg\",\"datePublished\":\"2015-05-27T08:59:01+00:00\",\"dateModified\":\"2015-06-10T14:15:09+00:00\",\"description\":\"Ultiem slaapcomfort is met ClimaComfort binnen handbereik. Optimale slaaptemperatuur, optimale nachtrust. Bestel nu uw ClimaComfort matras, boxspring, of topper.\",\"breadcrumb\":{\"@id\":\"https:\/\/www.clima-comfort.com\/de\/uber-climacomfort\/617-2\/#breadcrumb\"},\"inLanguage\":\"de\",\"potentialAction\":[{\"@type\":\"ReadAction\",\"target\":[\"https:\/\/www.clima-comfort.com\/de\/uber-climacomfort\/617-2\/\"]}]},{\"@type\":\"ImageObject\",\"inLanguage\":\"de\",\"@id\":\"https:\/\/www.clima-comfort.com\/de\/uber-climacomfort\/617-2\/#primaryimage\",\"url\":\"https:\/\/www.clima-comfort.com\/wp-content\/uploads\/2014\/12\/slide-mvo.jpg\",\"contentUrl\":\"https:\/\/www.clima-comfort.com\/wp-content\/uploads\/2014\/12\/slide-mvo.jpg\",\"width\":1300,\"height\":352,\"caption\":\"Maatschappelijk Verantwoord Ondernemen\"},{\"@type\":\"BreadcrumbList\",\"@id\":\"https:\/\/www.clima-comfort.com\/de\/uber-climacomfort\/617-2\/#breadcrumb\",\"itemListElement\":[{\"@type\":\"ListItem\",\"position\":1,\"name\":\"Home\",\"item\":\"https:\/\/www.clima-comfort.com\/\"},{\"@type\":\"ListItem\",\"position\":2,\"name\":\"\u00dcber ClimaComfort\",\"item\":\"https:\/\/www.clima-comfort.com\/de\/uber-climacomfort\/\"},{\"@type\":\"ListItem\",\"position\":3,\"name\":\"Corporate Social Responsibility\"}]},{\"@type\":\"WebSite\",\"@id\":\"https:\/\/www.clima-comfort.com\/#website\",\"url\":\"https:\/\/www.clima-comfort.com\/\",\"name\":\"ClimaComfort\",\"description\":\"Matrassen met een uniek gevoel!\",\"potentialAction\":[{\"@type\":\"SearchAction\",\"target\":{\"@type\":\"EntryPoint\",\"urlTemplate\":\"https:\/\/www.clima-comfort.com\/?s={search_term_string}\"},\"query-input\":{\"@type\":\"PropertyValueSpecification\",\"valueRequired\":true,\"valueName\":\"search_term_string\"}}],\"inLanguage\":\"de\"}]}<\/script>\n<!-- \/ Yoast SEO plugin. -->","yoast_head_json":{"title":"Corporate Social Responsibility - ClimaComfort","description":"Ultiem slaapcomfort is met ClimaComfort binnen handbereik. Optimale slaaptemperatuur, optimale nachtrust. Bestel nu uw ClimaComfort matras, boxspring, of topper.","robots":{"index":"index","follow":"follow","max-snippet":"max-snippet:-1","max-image-preview":"max-image-preview:large","max-video-preview":"max-video-preview:-1"},"canonical":"https:\/\/www.clima-comfort.com\/de\/uber-climacomfort\/617-2\/","og_locale":"de_DE","og_type":"article","og_title":"Corporate Social Responsibility - ClimaComfort","og_description":"Ultiem slaapcomfort is met ClimaComfort binnen handbereik. Optimale slaaptemperatuur, optimale nachtrust. Bestel nu uw ClimaComfort matras, boxspring, of topper.","og_url":"https:\/\/www.clima-comfort.com\/de\/uber-climacomfort\/617-2\/","og_site_name":"ClimaComfort","article_modified_time":"2015-06-10T14:15:09+00:00","og_image":[{"width":1300,"height":352,"url":"https:\/\/www.clima-comfort.com\/wp-content\/uploads\/2014\/12\/slide-mvo.jpg","type":"image\/jpeg"}],"twitter_misc":{"Gesch\u00e4tzte Lesezeit":"1\u00a0Minute"},"schema":{"@context":"https:\/\/schema.org","@graph":[{"@type":"WebPage","@id":"https:\/\/www.clima-comfort.com\/de\/uber-climacomfort\/617-2\/","url":"https:\/\/www.clima-comfort.com\/de\/uber-climacomfort\/617-2\/","name":"Corporate Social Responsibility - ClimaComfort","isPartOf":{"@id":"https:\/\/www.clima-comfort.com\/#website"},"primaryImageOfPage":{"@id":"https:\/\/www.clima-comfort.com\/de\/uber-climacomfort\/617-2\/#primaryimage"},"image":{"@id":"https:\/\/www.clima-comfort.com\/de\/uber-climacomfort\/617-2\/#primaryimage"},"thumbnailUrl":"https:\/\/www.clima-comfort.com\/wp-content\/uploads\/2014\/12\/slide-mvo.jpg","datePublished":"2015-05-27T08:59:01+00:00","dateModified":"2015-06-10T14:15:09+00:00","description":"Ultiem slaapcomfort is met ClimaComfort binnen handbereik. Optimale slaaptemperatuur, optimale nachtrust. Bestel nu uw ClimaComfort matras, boxspring, of topper.","breadcrumb":{"@id":"https:\/\/www.clima-comfort.com\/de\/uber-climacomfort\/617-2\/#breadcrumb"},"inLanguage":"de","potentialAction":[{"@type":"ReadAction","target":["https:\/\/www.clima-comfort.com\/de\/uber-climacomfort\/617-2\/"]}]},{"@type":"ImageObject","inLanguage":"de","@id":"https:\/\/www.clima-comfort.com\/de\/uber-climacomfort\/617-2\/#primaryimage","url":"https:\/\/www.clima-comfort.com\/wp-content\/uploads\/2014\/12\/slide-mvo.jpg","contentUrl":"https:\/\/www.clima-comfort.com\/wp-content\/uploads\/2014\/12\/slide-mvo.jpg","width":1300,"height":352,"caption":"Maatschappelijk Verantwoord Ondernemen"},{"@type":"BreadcrumbList","@id":"https:\/\/www.clima-comfort.com\/de\/uber-climacomfort\/617-2\/#breadcrumb","itemListElement":[{"@type":"ListItem","position":1,"name":"Home","item":"https:\/\/www.clima-comfort.com\/"},{"@type":"ListItem","position":2,"name":"\u00dcber ClimaComfort","item":"https:\/\/www.clima-comfort.com\/de\/uber-climacomfort\/"},{"@type":"ListItem","position":3,"name":"Corporate Social Responsibility"}]},{"@type":"WebSite","@id":"https:\/\/www.clima-comfort.com\/#website","url":"https:\/\/www.clima-comfort.com\/","name":"ClimaComfort","description":"Matrassen met een uniek gevoel!","potentialAction":[{"@type":"SearchAction","target":{"@type":"EntryPoint","urlTemplate":"https:\/\/www.clima-comfort.com\/?s={search_term_string}"},"query-input":{"@type":"PropertyValueSpecification","valueRequired":true,"valueName":"search_term_string"}}],"inLanguage":"de"}]}},"_links":{"self":[{"href":"https:\/\/www.clima-comfort.com\/de\/wp-json\/wp\/v2\/pages\/617","targetHints":{"allow":["GET"]}}],"collection":[{"href":"https:\/\/www.clima-comfort.com\/de\/wp-json\/wp\/v2\/pages"}],"about":[{"href":"https:\/\/www.clima-comfort.com\/de\/wp-json\/wp\/v2\/types\/page"}],"author":[{"embeddable":true,"href":"https:\/\/www.clima-comfort.com\/de\/wp-json\/wp\/v2\/users\/5"}],"replies":[{"embeddable":true,"href":"https:\/\/www.clima-comfort.com\/de\/wp-json\/wp\/v2\/comments?post=617"}],"version-history":[{"count":3,"href":"https:\/\/www.clima-comfort.com\/de\/wp-json\/wp\/v2\/pages\/617\/revisions"}],"predecessor-version":[{"id":852,"href":"https:\/\/www.clima-comfort.com\/de\/wp-json\/wp\/v2\/pages\/617\/revisions\/852"}],"up":[{"embeddable":true,"href":"https:\/\/www.clima-comfort.com\/de\/wp-json\/wp\/v2\/pages\/604"}],"wp:featuredmedia":[{"embeddable":true,"href":"https:\/\/www.clima-comfort.com\/de\/wp-json\/wp\/v2\/media\/184"}],"wp:attachment":[{"href":"https:\/\/www.clima-comfort.com\/de\/wp-json\/wp\/v2\/media?parent=617"}],"curies":[{"name":"wp","href":"https:\/\/api.w.org\/{rel}","templated":true}]}}

<p><span lang="DE">Bei der Matratzenherstellung verwendet unser Produzent Maxtras nach Möglichkeit Materialien, die auf verantwortungsvolle Weise gewonnen worden sind. Wann immer möglich, verwenden wir Material, das vor Ort gewonnen oder produziert worden ist. Maxtras produziert ClimaComfort-Matratzen nach bestem Wissen und Gewissen und legt großen Wert auf die Nachhaltigkeit der Matratzen.</span></p>
<h2><span lang="DE">Nachhaltige Matratzen</span></h2>
<p><span lang="DE">Die Fabrik in Wijchen beschäftigt ausschließlich Mitarbeiter aus der Region. So vermeiden wir viele Transportkilometer. Wir nehmen unsere gesellschaftliche Verantwortung ernst und tragen damit zu einem besseren (Lebens-)Klima bei. <a href="https://clima-comfort.com/de/produkten/matratzen/" target="_blank">ClimaComfort-Matratzen</a> fördern auf diese Weise nicht nur Ihre Nachtruhe, sondern schützen auch das Klima und die Umwelt.</span></p>
<h2><span lang="DE">Regionale Matratzenspezialisten</span></h2>
<p><span lang="DE">Das Unternehmen ClimaComfort verstärkt die Bindung an seine (und Ihre) Region, indem es ausschließlich mit speziell ausgewählten, regionalen <a href="https://clima-comfort.com/verkoopadressen/" target="_blank">Matratzenspezialisten</a> zusammenarbeitet. Darüber hinaus unterstützt ClimaComfort regionale Verbände und Initiativen. Ihre Nachtruhe verdient eine ClimaComfort-Matratze, vor allem nach einer Runde Fußball oder einer anstrengenden Versammlung. </span></p>

<p>Bei der Matratzenherstellung verwendet unser Produzent Maxtras nach Möglichkeit Materialien, die auf verantwortungsvolle Weise gewonnen worden sind. Wann immer möglich, verwenden wir Material, das vor Ort gewonnen oder produziert worden ist. Maxtras produziert ClimaComfort-Matratzen nach bestem Wissen und Gewissen und legt großen Wert auf die Nachhaltigkeit der Matratzen. Nachhaltige Matratzen Die Fabrik in Wijchen beschäftigt [&hellip;]</p>

<!-- This site is optimized with the Yoast SEO plugin v24.4 - https://yoast.com/wordpress/plugins/seo/ -->
<title>Corporate Social Responsibility - ClimaComfort</title>
<meta name="description" content="Ultiem slaapcomfort is met ClimaComfort binnen handbereik. Optimale slaaptemperatuur, optimale nachtrust. Bestel nu uw ClimaComfort matras, boxspring, of topper." />
<meta name="robots" content="index, follow, max-snippet:-1, max-image-preview:large, max-video-preview:-1" />
<link rel="canonical" href="https://www.clima-comfort.com/de/uber-climacomfort/617-2/" />
<meta property="og:locale" content="de_DE" />
<meta property="og:type" content="article" />
<meta property="og:title" content="Corporate Social Responsibility - ClimaComfort" />
<meta property="og:description" content="Ultiem slaapcomfort is met ClimaComfort binnen handbereik. Optimale slaaptemperatuur, optimale nachtrust. Bestel nu uw ClimaComfort matras, boxspring, of topper." />
<meta property="og:url" content="https://www.clima-comfort.com/de/uber-climacomfort/617-2/" />
<meta property="og:site_name" content="ClimaComfort" />
<meta property="article:modified_time" content="2015-06-10T14:15:09+00:00" />
<meta property="og:image" content="https://www.clima-comfort.com/wp-content/uploads/2014/12/slide-mvo.jpg" />
	<meta property="og:image:width" content="1300" />
	<meta property="og:image:height" content="352" />
	<meta property="og:image:type" content="image/jpeg" />
<meta name="twitter:label1" content="Geschätzte Lesezeit" />
	<meta name="twitter:data1" content="1 Minute" />
<script type="application/ld+json" class="yoast-schema-graph">{"@context":"https://schema.org","@graph":[{"@type":"WebPage","@id":"https://www.clima-comfort.com/de/uber-climacomfort/617-2/","url":"https://www.clima-comfort.com/de/uber-climacomfort/617-2/","name":"Corporate Social Responsibility - ClimaComfort","isPartOf":{"@id":"https://www.clima-comfort.com/#website"},"primaryImageOfPage":{"@id":"https://www.clima-comfort.com/de/uber-climacomfort/617-2/#primaryimage"},"image":{"@id":"https://www.clima-comfort.com/de/uber-climacomfort/617-2/#primaryimage"},"thumbnailUrl":"https://www.clima-comfort.com/wp-content/uploads/2014/12/slide-mvo.jpg","datePublished":"2015-05-27T08:59:01+00:00","dateModified":"2015-06-10T14:15:09+00:00","description":"Ultiem slaapcomfort is met ClimaComfort binnen handbereik. Optimale slaaptemperatuur, optimale nachtrust. Bestel nu uw ClimaComfort matras, boxspring, of topper.","breadcrumb":{"@id":"https://www.clima-comfort.com/de/uber-climacomfort/617-2/#breadcrumb"},"inLanguage":"de","potentialAction":[{"@type":"ReadAction","target":["https://www.clima-comfort.com/de/uber-climacomfort/617-2/"]}]},{"@type":"ImageObject","inLanguage":"de","@id":"https://www.clima-comfort.com/de/uber-climacomfort/617-2/#primaryimage","url":"https://www.clima-comfort.com/wp-content/uploads/2014/12/slide-mvo.jpg","contentUrl":"https://www.clima-comfort.com/wp-content/uploads/2014/12/slide-mvo.jpg","width":1300,"height":352,"caption":"Maatschappelijk Verantwoord Ondernemen"},{"@type":"BreadcrumbList","@id":"https://www.clima-comfort.com/de/uber-climacomfort/617-2/#breadcrumb","itemListElement":[{"@type":"ListItem","position":1,"name":"Home","item":"https://www.clima-comfort.com/"},{"@type":"ListItem","position":2,"name":"Über ClimaComfort","item":"https://www.clima-comfort.com/de/uber-climacomfort/"},{"@type":"ListItem","position":3,"name":"Corporate Social Responsibility"}]},{"@type":"WebSite","@id":"https://www.clima-comfort.com/#website","url":"https://www.clima-comfort.com/","name":"ClimaComfort","description":"Matrassen met een uniek gevoel!","potentialAction":[{"@type":"SearchAction","target":{"@type":"EntryPoint","urlTemplate":"https://www.clima-comfort.com/?s={search_term_string}"},"query-input":{"@type":"PropertyValueSpecification","valueRequired":true,"valueName":"search_term_string"}}],"inLanguage":"de"}]}</script>
<!-- / Yoast SEO plugin. -->

Über ClimaComfort
